{"id":667,"date":"2018-05-15T14:26:38","date_gmt":"2018-05-15T14:26:38","guid":{"rendered":"https:\/\/themedemo.commercegurus.com\/shoptimizer\/?post_type=product&#038;p=667"},"modified":"2026-04-23T21:19:49","modified_gmt":"2026-04-23T21:19:49","slug":"fire-stick-4k","status":"publish","type":"product","link":"https:\/\/admeproimport.com\/index.php\/product\/fire-stick-4k\/","title":{"rendered":"Fire stick 4k Amazon alexa"},"content":{"rendered":"\n<figure class=\"wp-block-image size-large\"><img fetchpriority=\"high\" decoding=\"async\" width=\"1024\" height=\"1024\" src=\"https:\/\/admeproimport.com\/wp-content\/uploads\/2024\/03\/stick4kgg-1024x1024.jpg\" alt=\"\" class=\"wp-image-7335\" srcset=\"https:\/\/admeproimport.com\/wp-content\/uploads\/2024\/03\/stick4kgg-1024x1024.jpg 1024w, https:\/\/admeproimport.com\/wp-content\/uploads\/2024\/03\/stick4kgg-300x300.jpg 300w, https:\/\/admeproimport.com\/wp-content\/uploads\/2024\/03\/stick4kgg-150x150.jpg 150w, https:\/\/admeproimport.com\/wp-content\/uploads\/2024\/03\/stick4kgg-768x768.jpg 768w, https:\/\/admeproimport.com\/wp-content\/uploads\/2024\/03\/stick4kgg-990x990.jpg 990w, https:\/\/admeproimport.com\/wp-content\/uploads\/2024\/03\/stick4kgg-441x441.jpg 441w, https:\/\/admeproimport.com\/wp-content\/uploads\/2024\/03\/stick4kgg-800x800.jpg 800w, https:\/\/admeproimport.com\/wp-content\/uploads\/2024\/03\/stick4kgg.jpg 1500w\" sizes=\"(max-width: 1024px) 100vw, 1024px\" \/><\/figure>\n\n\n\n<figure class=\"wp-block-image size-full\"><img decoding=\"async\" width=\"1000\" height=\"1000\" src=\"https:\/\/admeproimport.com\/wp-content\/uploads\/2024\/03\/stick4kfdfg.jpg\" alt=\"\" class=\"wp-image-7336\" srcset=\"https:\/\/admeproimport.com\/wp-content\/uploads\/2024\/03\/stick4kfdfg.jpg 1000w, https:\/\/admeproimport.com\/wp-content\/uploads\/2024\/03\/stick4kfdfg-300x300.jpg 300w, https:\/\/admeproimport.com\/wp-content\/uploads\/2024\/03\/stick4kfdfg-150x150.jpg 150w, https:\/\/admeproimport.com\/wp-content\/uploads\/2024\/03\/stick4kfdfg-768x768.jpg 768w, https:\/\/admeproimport.com\/wp-content\/uploads\/2024\/03\/stick4kfdfg-990x990.jpg 990w, https:\/\/admeproimport.com\/wp-content\/uploads\/2024\/03\/stick4kfdfg-441x441.jpg 441w, https:\/\/admeproimport.com\/wp-content\/uploads\/2024\/03\/stick4kfdfg-800x800.jpg 800w\" sizes=\"(max-width: 1000px) 100vw, 1000px\" \/><\/figure>\n\n\n\n<div class=\"wp-block-columns is-layout-flex wp-container-core-columns-is-layout-28f84493 wp-block-columns-is-layout-flex\">\n<div class=\"wp-block-column is-layout-flow wp-block-column-is-layout-flow\"><\/div>\n\n\n\n<div class=\"wp-block-column is-layout-flow wp-block-column-is-layout-flow\"><\/div>\n<\/div>\n","protected":false},"excerpt":{"rendered":"<ul class=\"a-unordered-list a-vertical a-spacing-mini\">\n<li class=\"a-spacing-mini\"><span class=\"a-list-item\">Experiencia cinematogr\u00e1fica &#8211; Im\u00e1genes vibrantes en calidad 4K Ultra HD, compatible con Dolby Vision, HDR10+ y audio inmersivo Dolby Atmos.<\/span><\/li>\n<li class=\"a-spacing-mini\"><span class=\"a-list-item\">Streaming en 4K avanzado &#8211; Lleva tu entretenimiento a otro nivel con la nueva generaci\u00f3n de nuestro dispositivo de streaming en 4K m\u00e1s vendido, con rendimiento de streaming mejorado.<\/span><\/li>\n<li class=\"a-spacing-mini\"><span class=\"a-list-item\">Compatibilidad con Wi-Fi 6 &#8211; Disfruta de un streaming en 4K fluido, incluso cuando hay otros dispositivos conectados al router.<\/span><\/li>\n<li class=\"a-spacing-mini\"><span class=\"a-list-item\">Entretenimiento sin fin &#8211; Disfruta de m\u00e1s de 1.5 millones de pel\u00edculas y episodios de series en streaming. Ve tu contenido favorito de Netflix, Prime Video, Disney+, Max y m\u00e1s. Es posible que se apliquen cargos por suscripci\u00f3n.<\/span><\/li>\n<\/ul>\n","protected":false},"featured_media":7198,"comment_status":"open","ping_status":"closed","template":"","meta":{"om_disable_all_campaigns":false,"_monsterinsights_skip_tracking":false,"_monsterinsights_sitenote_active":false,"_monsterinsights_sitenote_note":"","_monsterinsights_sitenote_category":0,"_joinchat":[]},"product_brand":[],"product_cat":[48],"product_tag":[38],"class_list":{"0":"post-667","1":"product","2":"type-product","3":"status-publish","4":"has-post-thumbnail","6":"product_cat-amazon","7":"product_tag-accesorios","9":"first","10":"instock","11":"sale","12":"taxable","13":"shipping-taxable","14":"purchasable","15":"product-type-simple"},"aioseo_notices":[],"_links":{"self":[{"href":"https:\/\/admeproimport.com\/index.php\/wp-json\/wp\/v2\/product\/667","targetHints":{"allow":["GET"]}}],"collection":[{"href":"https:\/\/admeproimport.com\/index.php\/wp-json\/wp\/v2\/product"}],"about":[{"href":"https:\/\/admeproimport.com\/index.php\/wp-json\/wp\/v2\/types\/product"}],"replies":[{"embeddable":true,"href":"https:\/\/admeproimport.com\/index.php\/wp-json\/wp\/v2\/comments?post=667"}],"wp:featuredmedia":[{"embeddable":true,"href":"https:\/\/admeproimport.com\/index.php\/wp-json\/wp\/v2\/media\/7198"}],"wp:attachment":[{"href":"https:\/\/admeproimport.com\/index.php\/wp-json\/wp\/v2\/media?parent=667"}],"wp:term":[{"taxonomy":"product_brand","embeddable":true,"href":"https:\/\/admeproimport.com\/index.php\/wp-json\/wp\/v2\/product_brand?post=667"},{"taxonomy":"product_cat","embeddable":true,"href":"https:\/\/admeproimport.com\/index.php\/wp-json\/wp\/v2\/product_cat?post=667"},{"taxonomy":"product_tag","embeddable":true,"href":"https:\/\/admeproimport.com\/index.php\/wp-json\/wp\/v2\/product_tag?post=667"}],"curies":[{"name":"wp","href":"https:\/\/api.w.org\/{rel}","templated":true}]}}