{"id":613,"date":"2018-05-16T13:01:05","date_gmt":"2018-05-16T13:01:05","guid":{"rendered":"https:\/\/themedemo.commercegurus.com\/shoptimizer\/?post_type=product&#038;p=613"},"modified":"2025-07-26T04:48:13","modified_gmt":"2025-07-26T04:48:13","slug":"proyector-full-hd","status":"publish","type":"product","link":"https:\/\/admeproimport.com\/index.php\/product\/proyector-full-hd\/","title":{"rendered":"Proyector 13500 Lumenes 1080p nativo 4k"},"content":{"rendered":"\n<p><\/p>\n\n\n\n<div class=\"wp-block-columns is-layout-flex wp-container-core-columns-is-layout-28f84493 wp-block-columns-is-layout-flex\">\n<div class=\"wp-block-column is-layout-flow wp-block-column-is-layout-flow\">\n<figure class=\"wp-block-gallery has-nested-images columns-default is-cropped wp-block-gallery-1 is-layout-flex wp-block-gallery-is-layout-flex\">\n<figure class=\"wp-block-image size-large\"><img fetchpriority=\"high\" decoding=\"async\" width=\"1024\" height=\"1024\" data-id=\"7383\" src=\"https:\/\/admeproimport.com\/wp-content\/uploads\/2024\/04\/VILICODFER4-1024x1024.jpg\" alt=\"\" class=\"wp-image-7383\" srcset=\"https:\/\/admeproimport.com\/wp-content\/uploads\/2024\/04\/VILICODFER4-1024x1024.jpg 1024w, https:\/\/admeproimport.com\/wp-content\/uploads\/2024\/04\/VILICODFER4-300x300.jpg 300w, https:\/\/admeproimport.com\/wp-content\/uploads\/2024\/04\/VILICODFER4-150x150.jpg 150w, https:\/\/admeproimport.com\/wp-content\/uploads\/2024\/04\/VILICODFER4-768x768.jpg 768w, https:\/\/admeproimport.com\/wp-content\/uploads\/2024\/04\/VILICODFER4-990x990.jpg 990w, https:\/\/admeproimport.com\/wp-content\/uploads\/2024\/04\/VILICODFER4-441x441.jpg 441w, https:\/\/admeproimport.com\/wp-content\/uploads\/2024\/04\/VILICODFER4-800x800.jpg 800w, https:\/\/admeproimport.com\/wp-content\/uploads\/2024\/04\/VILICODFER4.jpg 1500w\" sizes=\"(max-width: 1024px) 100vw, 1024px\" \/><\/figure>\n<\/figure>\n<\/div>\n\n\n\n<div class=\"wp-block-column is-layout-flow wp-block-column-is-layout-flow\">\n<p>Alto brillo de  y soporta proyecci\u00f3n 4K: el proyector Native 1080P 2024 mejora la tecnolog\u00eda de pantalla LED, 13500 l\u00famenes de alto brillo, 10000:1 de alto contraste, lo que proporciona significativamente m\u00e1s del 50 % de nitidez y brillo y una imagen m\u00e1s colorida para el entretenimiento en el hogar que otro proyector de 1080P. Resoluci\u00f3n nativa de 1920x1080P y soporte 4K, con alto \u00edndice de refracci\u00f3n, lente recubierta, presentando calidad de imagen de alta definici\u00f3n para reducir la irritaci\u00f3n ocular.<\/p>\n<\/div>\n<\/div>\n\n\n\n<div class=\"wp-block-columns is-layout-flex wp-container-core-columns-is-layout-28f84493 wp-block-columns-is-layout-flex\">\n<div class=\"wp-block-column is-layout-flow wp-block-column-is-layout-flow\">\n<p>\u3010Bajo ruido de ventiladores y pantalla t\u00e1ctil definitiva\u3011El proyector port\u00e1til adopta el sistema de refrigeraci\u00f3n mejorado con un bajo ruido de ventiladores de 35 dB y alta eficiencia de refrigeraci\u00f3n. Utiliza la tecnolog\u00eda t\u00e1ctil del tel\u00e9fono m\u00f3vil y los botones t\u00e1ctiles de pantalla completa. Solo tocar, y sin presi\u00f3n, solo un poco, \u00a1puedes operarlo libremente! Adem\u00e1s, los altavoces est\u00e9reo integrados de 10 W proporcionar\u00e1n una gran experiencia auditiva.<\/p>\n<\/div>\n\n\n\n<div class=\"wp-block-column is-layout-flow wp-block-column-is-layout-flow\">\n<figure class=\"wp-block-gallery has-nested-images columns-default is-cropped wp-block-gallery-2 is-layout-flex wp-block-gallery-is-layout-flex\">\n<figure class=\"wp-block-image size-large\"><img decoding=\"async\" width=\"1024\" height=\"1024\" data-id=\"7384\" src=\"https:\/\/admeproimport.com\/wp-content\/uploads\/2024\/04\/VILICORE324-1024x1024.jpg\" alt=\"\" class=\"wp-image-7384\" srcset=\"https:\/\/admeproimport.com\/wp-content\/uploads\/2024\/04\/VILICORE324-1024x1024.jpg 1024w, https:\/\/admeproimport.com\/wp-content\/uploads\/2024\/04\/VILICORE324-300x300.jpg 300w, https:\/\/admeproimport.com\/wp-content\/uploads\/2024\/04\/VILICORE324-150x150.jpg 150w, https:\/\/admeproimport.com\/wp-content\/uploads\/2024\/04\/VILICORE324-768x768.jpg 768w, https:\/\/admeproimport.com\/wp-content\/uploads\/2024\/04\/VILICORE324-990x990.jpg 990w, https:\/\/admeproimport.com\/wp-content\/uploads\/2024\/04\/VILICORE324-441x441.jpg 441w, https:\/\/admeproimport.com\/wp-content\/uploads\/2024\/04\/VILICORE324-800x800.jpg 800w, https:\/\/admeproimport.com\/wp-content\/uploads\/2024\/04\/VILICORE324.jpg 1500w\" sizes=\"(max-width: 1024px) 100vw, 1024px\" \/><\/figure>\n<\/figure>\n<\/div>\n<\/div>\n\n\n\n<div class=\"wp-block-columns is-layout-flex wp-container-core-columns-is-layout-28f84493 wp-block-columns-is-layout-flex\">\n<div class=\"wp-block-column is-layout-flow wp-block-column-is-layout-flow\">\n<figure class=\"wp-block-gallery has-nested-images columns-default is-cropped wp-block-gallery-3 is-layout-flex wp-block-gallery-is-layout-flex\">\n<figure class=\"wp-block-image size-large\"><img decoding=\"async\" width=\"1016\" height=\"1024\" data-id=\"7385\" src=\"https:\/\/admeproimport.com\/wp-content\/uploads\/2024\/04\/VILICORE1-1016x1024.jpg\" alt=\"\" class=\"wp-image-7385\" srcset=\"https:\/\/admeproimport.com\/wp-content\/uploads\/2024\/04\/VILICORE1-1016x1024.jpg 1016w, https:\/\/admeproimport.com\/wp-content\/uploads\/2024\/04\/VILICORE1-298x300.jpg 298w, https:\/\/admeproimport.com\/wp-content\/uploads\/2024\/04\/VILICORE1-150x151.jpg 150w, https:\/\/admeproimport.com\/wp-content\/uploads\/2024\/04\/VILICORE1-768x774.jpg 768w, https:\/\/admeproimport.com\/wp-content\/uploads\/2024\/04\/VILICORE1-990x998.jpg 990w, https:\/\/admeproimport.com\/wp-content\/uploads\/2024\/04\/VILICORE1-441x445.jpg 441w, https:\/\/admeproimport.com\/wp-content\/uploads\/2024\/04\/VILICORE1-300x302.jpg 300w, https:\/\/admeproimport.com\/wp-content\/uploads\/2024\/04\/VILICORE1-800x806.jpg 800w, https:\/\/admeproimport.com\/wp-content\/uploads\/2024\/04\/VILICORE1.jpg 1488w\" sizes=\"(max-width: 1016px) 100vw, 1016px\" \/><\/figure>\n<\/figure>\n<\/div>\n\n\n\n<div class=\"wp-block-column is-layout-flow wp-block-column-is-layout-flow\">\n<p>Pantalla gigante de 360 pulgadas y pantalla de 100 pulgadas incluida: el proyector de video ofrece una pantalla de 40 a 360 pulgadas, relaci\u00f3n de aspecto de 4:3\/16:9. Equipado con funci\u00f3n de zoom del 75-100% y correcci\u00f3n trapezoidal de \u00b115\u00b0, obtendr\u00e1s el mejor efecto de visualizaci\u00f3n en un cine en casa. El ajuste de enfoque puede proyectar hermosas im\u00e1genes desde cualquier \u00e1ngulo. Incluyendo la pantalla del proyector de 100 pulgadas, est\u00e1 a punto de nacer un cine al aire libre.<\/p>\n<\/div>\n<\/div>\n\n\n\n<div class=\"wp-block-columns is-layout-flex wp-container-core-columns-is-layout-28f84493 wp-block-columns-is-layout-flex\">\n<div class=\"wp-block-column is-layout-flow wp-block-column-is-layout-flow\">\n<p>Conexi\u00f3n de m\u00faltiples dispositivos y funda de transporte: con dos puertos HDMI y dos puertos USB, se conecta f\u00e1cilmente a tu TV, tel\u00e9fono inteligente, altavoces externos, tableta, laptop, consolas de juegos, etc. Si quieres ver Netflix, Prime Video, Hulu, etc. Puedes utilizar el fire tv stick, Roku o Chromecast para conectarte con el puerto HDMI. Adem\u00e1s, puedes disfrutar f\u00e1cilmente del cine en casa en cualquier lugar y en cualquier momento con el bolso.<\/p>\n<\/div>\n\n\n\n<div class=\"wp-block-column is-layout-flow wp-block-column-is-layout-flow\">\n<figure class=\"wp-block-gallery has-nested-images columns-default is-cropped wp-block-gallery-4 is-layout-flex wp-block-gallery-is-layout-flex\">\n<figure class=\"wp-block-image size-large\"><img loading=\"lazy\" decoding=\"async\" width=\"1024\" height=\"1024\" data-id=\"7386\" src=\"https:\/\/admeproimport.com\/wp-content\/uploads\/2024\/04\/VILICORE34-1024x1024.jpg\" alt=\"\" class=\"wp-image-7386\" srcset=\"https:\/\/admeproimport.com\/wp-content\/uploads\/2024\/04\/VILICORE34-1024x1024.jpg 1024w, https:\/\/admeproimport.com\/wp-content\/uploads\/2024\/04\/VILICORE34-300x300.jpg 300w, https:\/\/admeproimport.com\/wp-content\/uploads\/2024\/04\/VILICORE34-150x150.jpg 150w, https:\/\/admeproimport.com\/wp-content\/uploads\/2024\/04\/VILICORE34-768x768.jpg 768w, https:\/\/admeproimport.com\/wp-content\/uploads\/2024\/04\/VILICORE34-990x990.jpg 990w, https:\/\/admeproimport.com\/wp-content\/uploads\/2024\/04\/VILICORE34-441x441.jpg 441w, https:\/\/admeproimport.com\/wp-content\/uploads\/2024\/04\/VILICORE34-800x800.jpg 800w, https:\/\/admeproimport.com\/wp-content\/uploads\/2024\/04\/VILICORE34.jpg 1500w\" sizes=\"(max-width: 1024px) 100vw, 1024px\" \/><\/figure>\n<\/figure>\n<\/div>\n<\/div>\n\n\n\n<div class=\"wp-block-columns is-layout-flex wp-container-core-columns-is-layout-28f84493 wp-block-columns-is-layout-flex\">\n<div class=\"wp-block-column is-layout-flow wp-block-column-is-layout-flow\">\n<figure class=\"wp-block-gallery has-nested-images columns-default is-cropped wp-block-gallery-5 is-layout-flex wp-block-gallery-is-layout-flex\">\n<figure class=\"wp-block-image size-large\"><img loading=\"lazy\" decoding=\"async\" width=\"1024\" height=\"1024\" data-id=\"7388\" src=\"https:\/\/admeproimport.com\/wp-content\/uploads\/2024\/04\/VILICODFER4-1-1024x1024.jpg\" alt=\"\" class=\"wp-image-7388\" srcset=\"https:\/\/admeproimport.com\/wp-content\/uploads\/2024\/04\/VILICODFER4-1-1024x1024.jpg 1024w, https:\/\/admeproimport.com\/wp-content\/uploads\/2024\/04\/VILICODFER4-1-300x300.jpg 300w, https:\/\/admeproimport.com\/wp-content\/uploads\/2024\/04\/VILICODFER4-1-150x150.jpg 150w, https:\/\/admeproimport.com\/wp-content\/uploads\/2024\/04\/VILICODFER4-1-768x768.jpg 768w, https:\/\/admeproimport.com\/wp-content\/uploads\/2024\/04\/VILICODFER4-1-990x990.jpg 990w, https:\/\/admeproimport.com\/wp-content\/uploads\/2024\/04\/VILICODFER4-1-441x441.jpg 441w, https:\/\/admeproimport.com\/wp-content\/uploads\/2024\/04\/VILICODFER4-1-800x800.jpg 800w, https:\/\/admeproimport.com\/wp-content\/uploads\/2024\/04\/VILICODFER4-1.jpg 1500w\" sizes=\"(max-width: 1024px) 100vw, 1024px\" \/><\/figure>\n<\/figure>\n<\/div>\n\n\n\n<div class=\"wp-block-column is-layout-flow wp-block-column-is-layout-flow\">\n<p>L\u00e1mpara de 100,000 horas y garant\u00eda de confianza: el proyector compatible con 4K adopta la \u00faltima tecnolog\u00eda para minimizar el consumo de energ\u00eda de la l\u00e1mpara y extender la vida \u00fatil de la l\u00e1mpara a un m\u00e1ximo de 100,000 horas, lo que significa que puedes usarlo durante m\u00e1s de 10 a\u00f1os, d\u00e1ndote una experiencia audiovisual superior continuamente. Finalmente, proporcionamos una garant\u00eda de 2 a\u00f1os. Si encuentras alg\u00fan problema, no dudes en ponerte en contacto con nosotros.<\/p>\n<\/div>\n<\/div>\n","protected":false},"excerpt":{"rendered":"<p>Proyector 13500 Lumenes 1080p nativo 4k<br \/>\nINCLUYE MALETA Y PANTALLA DE TELA<\/p>\n","protected":false},"featured_media":7385,"comment_status":"open","ping_status":"closed","template":"","meta":{"om_disable_all_campaigns":false,"_monsterinsights_skip_tracking":false,"_monsterinsights_sitenote_active":false,"_monsterinsights_sitenote_note":"","_monsterinsights_sitenote_category":0,"_joinchat":[]},"product_brand":[],"product_cat":[50,49],"product_tag":[42],"class_list":{"0":"post-613","1":"product","2":"type-product","3":"status-publish","4":"has-post-thumbnail","6":"product_cat-oferta","7":"product_cat-proyectores","8":"product_tag-oferta","10":"first","11":"instock","12":"sale","13":"purchasable","14":"product-type-simple"},"aioseo_notices":[],"_links":{"self":[{"href":"https:\/\/admeproimport.com\/index.php\/wp-json\/wp\/v2\/product\/613","targetHints":{"allow":["GET"]}}],"collection":[{"href":"https:\/\/admeproimport.com\/index.php\/wp-json\/wp\/v2\/product"}],"about":[{"href":"https:\/\/admeproimport.com\/index.php\/wp-json\/wp\/v2\/types\/product"}],"replies":[{"embeddable":true,"href":"https:\/\/admeproimport.com\/index.php\/wp-json\/wp\/v2\/comments?post=613"}],"wp:featuredmedia":[{"embeddable":true,"href":"https:\/\/admeproimport.com\/index.php\/wp-json\/wp\/v2\/media\/7385"}],"wp:attachment":[{"href":"https:\/\/admeproimport.com\/index.php\/wp-json\/wp\/v2\/media?parent=613"}],"wp:term":[{"taxonomy":"product_brand","embeddable":true,"href":"https:\/\/admeproimport.com\/index.php\/wp-json\/wp\/v2\/product_brand?post=613"},{"taxonomy":"product_cat","embeddable":true,"href":"https:\/\/admeproimport.com\/index.php\/wp-json\/wp\/v2\/product_cat?post=613"},{"taxonomy":"product_tag","embeddable":true,"href":"https:\/\/admeproimport.com\/index.php\/wp-json\/wp\/v2\/product_tag?post=613"}],"curies":[{"name":"wp","href":"https:\/\/api.w.org\/{rel}","templated":true}]}}